prime number?
False
Is 47249006861 composite?
True
Is 18937747501 prime?
True
Is 18663688361 composite?
False
Is 499194791 a prime number?
False
Is 3318102533 a composite number?
False
Is 1406349941 composite?
True
Is 48495841 composite?
False
Is 492217217 a prime number?
True
Is 9632705581 composite?
False
Is 758719697 prime?
True
Is 7584607493 prime?
True
Is 139521194165 a composite number?
True
Is 19133987 a composite number?
False
Is 248557999 a composite number?
True
Is 112596446927 composite?
False
Is 456588359 a composite number?
False
Is 172236269 composite?
False
Is 4250734465 a composite number?
True
Is 30997646195 a composite number?
True
Is 25130862331 composite?
True
Is 14603717013 a prime number?
False
Is 532466227 composite?
False
Is 98236380421 prime?
False
Is 534650203 a composite number?
True
Is 276497258 prime?
False
Is 66116301333 a composite number?
True
Is 51240721759 a prime number?
True
Is 127080223 a prime number?
True
Is 8713098899 a prime number?
False
Is 2498194141 composite?
False
Is 1643615761 prime?
True
Is 6780886499 prime?
True
Is 410101771 a composite number?
False
Is 2214761217 composite?
True
Is 19089644311 a composite number?
False
Is 9962326469 prime?
False
Is 900160853 a composite number?
True
Is 285481613 a prime number?
False
Is 13758934769 prime?
True
Is 621757973 a composite number?
False
Is 33181776877 prime?
True
Is 20594354441 a prime number?
True
Is 1575039187 a prime number?
False
Is 16258006801 a composite number?
False
Is 1109657239 prime?
True
Is 183076801 a composite number?
False
Is 757724081 a composite number?
False
Is 4069594043 prime?
True
Is 387325103615 a composite number?
True
Is 30784171505 a prime number?
False
Is 29977696985 a prime number?
False
Is 8984092847 prime?
False
Is 2242862521 prime?
False
Is 65777576339 prime?
False
Is 1018924273 prime?
True
Is 20348605669 a prime number?
False
Is 2488943111 prime?
False
Is 30320916023 a prime number?
True
Is 461076905 prime?
False
Is 10206223459 a composite number?
True
Is 5783062381 a composite number?
True
Is 690470563 a composite number?
False
Is 1074129803 composite?
False
Is 6012517393 a composite number?
False
Is 6188403197 prime?
True
Is 47842639903 a composite number?
False
Is 101159235673 a composite number?
False
Is 271749857 a composite number?
True
Is 44341275269 a composite number?
True
Is 262575133 composite?
False
Is 126181309 a composite number?
False
Is 75056664689 composite?
True
Is 17187319417 composite?
True
Is 25465557479 a prime number?
True
Is 64744090079 a prime number?
False
Is 14950514837 composite?
False
Is 540402601 prime?
False
Is 1305662095 prime?
False
Is 50144941751 a composite number?
False
Is 10930724177 a composite number?
False
Is 63585281 a composite number?
False
Is 1627187431 a composite number?
False
Is 5264315878 a prime number?
False
Is 18395720209 composite?
False
Is 4723520339 composite?
True
Is 334086338081 prime?
True
Is 50450621827 prime?
False
Is 1564290877 a composite number?
True
Is 5583490109 prime?
True
Is 109848368927 prime?
False
Is 1242774499 a composite number?
False
Is 843863273 prime?
False
Is 1320593297 prime?
False
Is 918192707 composite?
False
Is 144339695 composite?
True
Is 3483938371 prime?
True
Is 35232394555 composite?
True
Is 3944782978 a composite number?
True
Is 76314598271 a composite number?
True
Is 37356731761 prime?
True
Is 188115037738 a prime number?
False
Is 20667679423 composite?
False
Is 124672649 prime?
True
Is 624348377 composite?
False
Is 17375813009 a composite number?
False
Is 14793978527 prime?
False
Is 99246803 composite?
True
Is 52344216597 a composite number?
True
Is 1943814307 prime?
True
Is 173391761 a composite number?
False
Is 300775003 composite?
True
Is 10262931391 composite?
False
Is 12004489069 composite?
False
Is 105842043677 a prime number?
True
Is 7407737521 prime?
True
Is 2363665517 prime?
True
Is 7452591793 prime?
False
Is 789553463 a prime number?
False
Is 9563700473 a composite number?
False
Is 7895263 prime?
False
Is 56332610977 composite?
True
Is 2102815667 composite?
True
Is 2042201323 prime?
False
Is 16110323777 prime?
True
Is 4958760311 a composite number?
True
Is 26775293 a prime number?
True
Is 2547879083 a composite number?
True
Is 79556968133 a prime number?
False
Is 8302863419 prime?
True
Is 34172188717 prime?
False
Is 309468639 a prime number?
False
Is 421655413 a composite number?
False
Is 1829891507 a prime number?
True
Is 373905793 a prime number?
True
Is 3189542507 a prime number?
True
Is 13910289033 a composite number?
True
Is 3341547397 a composite number?
False
Is 16786654169 a prime number?
True
Is 13187310469 prime?
True
Is 6116286973 prime?
False
Is 683970253 a composite number?
True
Is 16565197991 a prime number?
True
Is 24459059657 a prime number?
False
Is 135947293 composite?
False
Is 279103385755 composite?
True
Is 344974909 a prime number?
False
Is 24010453 prime?
True
Is 116738621 a prime number?
True
Is 198937720286 composite?
True
Is 20897340907 composite?
False
Is 15206461745 a composite number?
True
Is 17416478609 a prime number?
True
Is 28430940277 a prime number?
False
Is 1785821383 a prime number?
True
Is 65253571 prime?
True
Is 371557721 a prime number?
False
Is 1063934981 a composite number?
True
Is 541731731 prime?
True
Is 171258152393 composite?
False
Is 36110096159 a prime number?
False
Is 10152812353 composite?
False
Is 3005903059 composite?
True
Is 1245175177 a prime number?
True
Is 3165602549 a prime number?
False
Is 4480819117 composite?
True
Is 25502436419 prime?
True
Is 1472770207 prime?
True
Is 924684037 a prime number?
False
Is 2492592299 a prime number?
True
Is 7250428093 a prime number?
True
Is 25147683629 prime?
False
Is 3227700233 composite?
False
Is 12440650333 a prime number?
False
Is 1828233559 prime?
False
Is 41040172913 composite?
True
Is 1907121301 a prime number?
True
Is 156630937 a prime number?
True
Is 92769383303 prime?
True
Is 266444905 composite?
True
Is 176940034577 prime?
False
Is 820357919 composite?
False
Is 1749027611 composite?
False
Is 96951047 a composite number?
False
Is 4634467813 prime?
False
Is 409980821 composite?
False
Is 58031833901 composite?
False
Is 109248751 a composite number?
False
Is 209771563 composite?
True
Is 15171944027 prime?
True
Is 43342295 a prime number?
False
Is 14251212911 prime?
False
Is 12378127453 prime?
False
Is 14247433979 a composite number?
False
Is 12054679541 a prime number?
True
Is 1907494269 a prime number?
False
Is 3401501783 composite?
True
Is 2228408437 a composite number?
True
Is 682827677 a composite number?
True
Is 24648637723 a composite number?
True
Is 1770550823 composite?
True
Is 24012899501 prime?
True
Is 221803733 a prime number?
False
Is 3573124543 composite?
True
Is 13923229 a composite number?
False
Is 262988909 prime?
True
Is 1699757483 a composite number?
True
Is 93566311 composite?
False
Is 7514826037 composite?
True
Is 2471235707 composite?
False
Is 9078189621 prime?
False
Is 31161944591 a composite number?
True
Is 10854193079 a prime number?
True
Is 4598144869 prime?
False
Is 51466819819 composite?
True
Is 197111071 composite?
False
Is 111052556617 composite?
False
Is 80852207 composite?
False
Is 51837064511 a prime number?
False
Is 28852519247 a prime number?
True
Is 831345301 prime?
False
Is 24873983221 prime?
True
Is 1535442641 a composite number?
True
Is 47380389103 a composite number?
False
Is 66169682921 a composite number?
False
Is 16939945571 prime?
False
Is 29709331657 a composite number?
False
Is 195812483 a composite number?
True
Is 11441890027 composite?
True
Is 5435014589 a composite number?
False
Is 7617909107 a composite number?
False
Is 766224281 composite?
True
Is 174735541 composite?
True
Is 1315748611 prime?
False
Is 136021073 a composite number?
False
Is 16433043511 prime?
False
Is 14297460107 composite?
True
Is 2188180461 a prime number?
False
Is 878603171 prime?
True
Is 3070526861 a prime number?
True
Is 123205441 a composite number?
False
Is 1796100247 a composite number?
True
Is 31777303 composite?
False
Is 359089421 a prime number?
False
Is 184183073 a prime number?
False
Is 227512427 prime?
True
Is 5000462699 prime?
False
Is 7158143509 prime?
False
Is 1615999955 a prime number?
Fals